{"id":283,"date":"2023-10-16T22:29:24","date_gmt":"2023-10-16T20:29:24","guid":{"rendered":"https:\/\/aureliedorleac.fr\/?page_id=283"},"modified":"2023-10-19T21:36:44","modified_gmt":"2023-10-19T19:36:44","slug":"les-techniques-naturopathiques","status":"publish","type":"page","link":"https:\/\/aureliedorleac.fr\/index.php\/les-techniques-naturopathiques\/","title":{"rendered":"Les techniques naturopathiques"},"content":{"rendered":"\n<p><\/p>\n\n\n\n<p class=\"has-text-align-center\" style=\"font-size:28px\">La d\u00e9marche naturopathique s&#8217;appuie sur 10 techniques.<\/p>\n\n\n\n<div style=\"height:56px\" aria-hidden=\"true\" class=\"wp-block-spacer\"><\/div>\n\n\n\n<p class=\"has-text-align-center\" style=\"font-size:27px\"><mark style=\"background-color:rgba(0, 0, 0, 0)\" class=\"has-inline-color has-light-green-cyan-color\">3 d&#8217;entre elles sont dites &#8220;piliers&#8221;:<\/mark><\/p>\n\n\n\n<div style=\"height:57px\" aria-hidden=\"true\" class=\"wp-block-spacer\"><\/div>\n\n\n\n<div class=\"wp-block-media-text is-stacked-on-mobile\" style=\"grid-template-columns:37% auto\"><figure class=\"wp-block-media-text__media\"><img loading=\"lazy\" decoding=\"async\" width=\"1024\" height=\"858\" src=\"https:\/\/aureliedorleac.fr\/wp-content\/uploads\/2023\/10\/alimentation-1024x858.png\" alt=\"\" class=\"wp-image-291 size-full\" srcset=\"https:\/\/aureliedorleac.fr\/wp-content\/uploads\/2023\/10\/alimentation-1024x858.png 1024w, https:\/\/aureliedorleac.fr\/wp-content\/uploads\/2023\/10\/alimentation-300x251.png 300w, https:\/\/aureliedorleac.fr\/wp-content\/uploads\/2023\/10\/alimentation-768x644.png 768w, https:\/\/aureliedorleac.fr\/wp-content\/uploads\/2023\/10\/alimentation-72x60.png 72w, https:\/\/aureliedorleac.fr\/wp-content\/uploads\/2023\/10\/alimentation.png 1175w\" sizes=\"auto, (max-width: 1024px) 100vw, 1024px\" \/><\/figure><div class=\"wp-block-media-text__content\">\n<p class=\"has-medium-font-size\"><mark style=\"background-color:rgba(0, 0, 0, 0)\" class=\"has-inline-color has-light-green-cyan-color\">L&#8217;alimentation<\/mark><\/p>\n\n\n\n<p>La naturopathie privil\u00e9gie une alimentation saine, \u00e9quilibr\u00e9e, biologique, vivante et compl\u00e8te.<\/p>\n\n\n\n<p>Ceci permettant d&#8217;apporter tout ce dont le corps a besoin en lui \u00e9vitant les carences et la surcharge toxinique.<\/p>\n<\/div><\/div>\n\n\n\n<div style=\"height:57px\" aria-hidden=\"true\" class=\"wp-block-spacer\"><\/div>\n\n\n\n<div class=\"wp-block-media-text is-stacked-on-mobile\" style=\"grid-template-columns:37% auto\"><figure class=\"wp-block-media-text__media\"><img loading=\"lazy\" decoding=\"async\" width=\"1024\" height=\"858\" src=\"https:\/\/aureliedorleac.fr\/wp-content\/uploads\/2023\/10\/sport-1024x858.png\" alt=\"\" class=\"wp-image-296 size-full\" srcset=\"https:\/\/aureliedorleac.fr\/wp-content\/uploads\/2023\/10\/sport-1024x858.png 1024w, https:\/\/aureliedorleac.fr\/wp-content\/uploads\/2023\/10\/sport-300x251.png 300w, https:\/\/aureliedorleac.fr\/wp-content\/uploads\/2023\/10\/sport-768x644.png 768w, https:\/\/aureliedorleac.fr\/wp-content\/uploads\/2023\/10\/sport-72x60.png 72w, https:\/\/aureliedorleac.fr\/wp-content\/uploads\/2023\/10\/sport.png 1175w\" sizes=\"auto, (max-width: 1024px) 100vw, 1024px\" \/><\/figure><div class=\"wp-block-media-text__content\">\n<p class=\"has-medium-font-size\"><mark style=\"background-color:rgba(0, 0, 0, 0)\" class=\"has-inline-color has-light-green-cyan-color\">L&#8217;activit\u00e9 physique<\/mark><\/p>\n\n\n\n<p>Mettre le corps en mouvement de mani\u00e8re adapt\u00e9e \u00e0 chacun permet de maintenir un \u00e9quilibre tant physique que mental.<\/p>\n\n\n\n<p>Elle permet \u00e9galement de favoriser la circulation du milieu int\u00e9rieur tout en augmentant l&#8217;oxyg\u00e9nation cellulaire. L&#8217;\u00e9vacuation des toxines est aussi am\u00e9lior\u00e9e.<\/p>\n<\/div><\/div>\n\n\n\n<div style=\"height:57px\" aria-hidden=\"true\" class=\"wp-block-spacer\"><\/div>\n\n\n\n<div class=\"wp-block-media-text is-stacked-on-mobile\" style=\"grid-template-columns:37% auto\"><figure class=\"wp-block-media-text__media\"><img loading=\"lazy\" decoding=\"async\" width=\"1024\" height=\"858\" src=\"https:\/\/aureliedorleac.fr\/wp-content\/uploads\/2023\/10\/zen-1024x858.png\" alt=\"\" class=\"wp-image-299 size-full\" srcset=\"https:\/\/aureliedorleac.fr\/wp-content\/uploads\/2023\/10\/zen-1024x858.png 1024w, https:\/\/aureliedorleac.fr\/wp-content\/uploads\/2023\/10\/zen-300x251.png 300w, https:\/\/aureliedorleac.fr\/wp-content\/uploads\/2023\/10\/zen-768x644.png 768w, https:\/\/aureliedorleac.fr\/wp-content\/uploads\/2023\/10\/zen-72x60.png 72w, https:\/\/aureliedorleac.fr\/wp-content\/uploads\/2023\/10\/zen.png 1175w\" sizes=\"auto, (max-width: 1024px) 100vw, 1024px\" \/><\/figure><div class=\"wp-block-media-text__content\">\n<p class=\"has-medium-font-size\"><mark style=\"background-color:rgba(0, 0, 0, 0)\" class=\"has-inline-color has-light-green-cyan-color\">La gestion du stress et des \u00e9motions<\/mark><\/p>\n\n\n\n<p>Le stress, tout comme les ruminations mentales affectent le corps. Il s&#8217;agit de travailler ensemble sur la gestion des \u00e9motions gr\u00e2ce \u00e0 des techniques de relaxation, de m\u00e9ditation, respiratoires&#8230;<\/p>\n\n\n\n<p>Le but est de tendre vers un bien-\u00eatre physique et mental.<\/p>\n<\/div><\/div>\n\n\n\n<div style=\"height:57px\" aria-hidden=\"true\" class=\"wp-block-spacer\"><\/div>\n\n\n\n<p class=\"has-text-align-center\" style=\"font-size:17px\"><mark style=\"background-color:rgba(0, 0, 0, 0)\" class=\"has-inline-color has-light-green-cyan-color\">Dans certains cas, nous pouvons \u00eatre amen\u00e9s \u00e0 avoir recours aux 7 techniques compl\u00e9mentaires:<\/mark><\/p>\n\n\n\n<ul class=\"wp-block-list\">\n<li>l&#8217;hydrologie, l&#8217;usage de l&#8217;eau (chaude, ti\u00e8de, froide, locale, externe, bain, sauna, hammam,&#8230;)<\/li>\n\n\n\n<li>la phytologie et l&#8217;aromatologie, l&#8217;usage des plantes sous diff\u00e9rentes formes (tisanes, huiles essentielles, gemmoth\u00e9rapie,&#8230;)<\/li>\n\n\n\n<li>les techniques respiratoires (coh\u00e9rence cardiaque, bol d&#8217;air Jacquier&#8230;)<\/li>\n\n\n\n<li>les techniques manuelles (massages non m\u00e9dicaux)<\/li>\n\n\n\n<li>les techniques r\u00e9flexes (r\u00e9flexologie)<\/li>\n\n\n\n<li>les techniques vibratoires (chromatologie, sonnoth\u00e9rapie&#8230;)<\/li>\n\n\n\n<li>les techniques \u00e9nerg\u00e9tiques (magn\u00e9tisme, Reiki&#8230;)<\/li>\n<\/ul>\n\n\n\n<div style=\"height:57px\" aria-hidden=\"true\" class=\"wp-block-spacer\"><\/div>\n\n\n\n<p style=\"font-size:29px\"><mark style=\"background-color:rgba(0, 0, 0, 0)\" class=\"has-inline-color has-light-green-cyan-color\">Tentons de r\u00e9sumer tout \u00e7a &#8230;<\/mark><\/p>\n\n\n\n<div class=\"wp-block-media-text is-stacked-on-mobile\" style=\"grid-template-columns:15% auto\"><figure class=\"wp-block-media-text__media\"><img loading=\"lazy\" decoding=\"async\" width=\"1024\" height=\"858\" src=\"https:\/\/aureliedorleac.fr\/wp-content\/uploads\/2023\/10\/fleche-1024x858.png\" alt=\"\" class=\"wp-image-308 size-full\" srcset=\"https:\/\/aureliedorleac.fr\/wp-content\/uploads\/2023\/10\/fleche-1024x858.png 1024w, https:\/\/aureliedorleac.fr\/wp-content\/uploads\/2023\/10\/fleche-300x251.png 300w, https:\/\/aureliedorleac.fr\/wp-content\/uploads\/2023\/10\/fleche-768x644.png 768w, https:\/\/aureliedorleac.fr\/wp-content\/uploads\/2023\/10\/fleche-72x60.png 72w, https:\/\/aureliedorleac.fr\/wp-content\/uploads\/2023\/10\/fleche.png 1175w\" sizes=\"auto, (max-width: 1024px) 100vw, 1024px\" \/><\/figure><div class=\"wp-block-media-text__content\">\n<p>Une alimentation saine et \u00e9quilibr\u00e9e, une activit\u00e9 physique adapt\u00e9e et r\u00e9guli\u00e8re, une bonne gestion du stress et des \u00e9motions sans oublier un sommeil de qualit\u00e9 sont des bases essentielles \u00e0 la sant\u00e9.<\/p>\n<\/div><\/div>\n\n\n\n<div style=\"height:54px\" aria-hidden=\"true\" class=\"wp-block-spacer\"><\/div>\n\n\n\n<div class=\"wp-block-media-text is-stacked-on-mobile\" style=\"grid-template-columns:15% auto\"><figure class=\"wp-block-media-text__media\"><img loading=\"lazy\" decoding=\"async\" width=\"1024\" height=\"858\" src=\"https:\/\/aureliedorleac.fr\/wp-content\/uploads\/2023\/10\/fleche-1-1024x858.png\" alt=\"\" class=\"wp-image-310 size-full\" srcset=\"https:\/\/aureliedorleac.fr\/wp-content\/uploads\/2023\/10\/fleche-1-1024x858.png 1024w, https:\/\/aureliedorleac.fr\/wp-content\/uploads\/2023\/10\/fleche-1-300x251.png 300w, https:\/\/aureliedorleac.fr\/wp-content\/uploads\/2023\/10\/fleche-1-768x644.png 768w, https:\/\/aureliedorleac.fr\/wp-content\/uploads\/2023\/10\/fleche-1-72x60.png 72w, https:\/\/aureliedorleac.fr\/wp-content\/uploads\/2023\/10\/fleche-1.png 1175w\" sizes=\"auto, (max-width: 1024px) 100vw, 1024px\" \/><\/figure><div class=\"wp-block-media-text__content\">\n<p>En cherchant \u00e0 agir sur l&#8217;origine des d\u00e9s\u00e9quilibres, les conseils du naturopathe tiennent compte de l&#8217;interd\u00e9pendance entre le corps, l&#8217;esprit, les \u00e9motions et l&#8217;environnement.<\/p>\n<\/div><\/div>\n\n\n\n<div style=\"height:54px\" aria-hidden=\"true\" class=\"wp-block-spacer\"><\/div>\n\n\n\n<div class=\"wp-block-media-text is-stacked-on-mobile\" style=\"grid-template-columns:15% auto\"><figure class=\"wp-block-media-text__media\"><img loading=\"lazy\" decoding=\"async\" width=\"1024\" height=\"858\" src=\"https:\/\/aureliedorleac.fr\/wp-content\/uploads\/2023\/10\/fleche-2-1024x858.png\" alt=\"\" class=\"wp-image-313 size-full\" srcset=\"https:\/\/aureliedorleac.fr\/wp-content\/uploads\/2023\/10\/fleche-2-1024x858.png 1024w, https:\/\/aureliedorleac.fr\/wp-content\/uploads\/2023\/10\/fleche-2-300x251.png 300w, https:\/\/aureliedorleac.fr\/wp-content\/uploads\/2023\/10\/fleche-2-768x644.png 768w, https:\/\/aureliedorleac.fr\/wp-content\/uploads\/2023\/10\/fleche-2-72x60.png 72w, https:\/\/aureliedorleac.fr\/wp-content\/uploads\/2023\/10\/fleche-2.png 1175w\" sizes=\"auto, (max-width: 1024px) 100vw, 1024px\" \/><\/figure><div class=\"wp-block-media-text__content\">\n<p>La naturopathie utilise des techniques naturelles pour recouvrer la pleine sant\u00e9 en tenant compte de la force vitale de chacun. Elle peut agir en pr\u00e9ventif pour am\u00e9liorer le fonctionnement et \u00e9viter l&#8217;encrassement de notre organisme.<\/p>\n<\/div><\/div>\n","protected":false},"excerpt":{"rendered":"<p>La d\u00e9marche naturopathique s&#8217;appuie sur 10 techniques. 3 d&#8217;entre elles sont dites &#8220;piliers&#8221;: L&#8217;alimentation La naturopathie privil\u00e9gie une alimentation saine, \u00e9quilibr\u00e9e, biologique, vivante et compl\u00e8te. Ceci permettant d&#8217;apporter tout ce dont le corps a besoin en lui \u00e9vitant les carences et la surcharge toxinique. L&#8217;activit\u00e9 physique Mettre le corps en mouvement de mani\u00e8re adapt\u00e9e \u00e0 &hellip; <\/p>\n","protected":false},"author":1,"featured_media":51,"parent":0,"menu_order":0,"comment_status":"closed","ping_status":"closed","template":"","meta":{"footnotes":""},"class_list":["post-283","page","type-page","status-publish","has-post-thumbnail","hentry"],"_links":{"self":[{"href":"https:\/\/aureliedorleac.fr\/index.php\/wp-json\/wp\/v2\/pages\/283","targetHints":{"allow":["GET"]}}],"collection":[{"href":"https:\/\/aureliedorleac.fr\/index.php\/wp-json\/wp\/v2\/pages"}],"about":[{"href":"https:\/\/aureliedorleac.fr\/index.php\/wp-json\/wp\/v2\/types\/page"}],"author":[{"embeddable":true,"href":"https:\/\/aureliedorleac.fr\/index.php\/wp-json\/wp\/v2\/users\/1"}],"replies":[{"embeddable":true,"href":"https:\/\/aureliedorleac.fr\/index.php\/wp-json\/wp\/v2\/comments?post=283"}],"version-history":[{"count":20,"href":"https:\/\/aureliedorleac.fr\/index.php\/wp-json\/wp\/v2\/pages\/283\/revisions"}],"predecessor-version":[{"id":407,"href":"https:\/\/aureliedorleac.fr\/index.php\/wp-json\/wp\/v2\/pages\/283\/revisions\/407"}],"wp:featuredmedia":[{"embeddable":true,"href":"https:\/\/aureliedorleac.fr\/index.php\/wp-json\/wp\/v2\/media\/51"}],"wp:attachment":[{"href":"https:\/\/aureliedorleac.fr\/index.php\/wp-json\/wp\/v2\/media?parent=283"}],"curies":[{"name":"wp","href":"https:\/\/api.w.org\/{rel}","templated":true}]}}